12. Suppose -4*t - 7 - 91 = -2*u, h*u + 5*t = 131. What are the prime factors of u?
3, 13
Let l(m) = m**3 - 11*m**2 + 10*m - 6. Let j be l(10). Let q(w) = -4*w**2 + 5 + 9*w - 2*w**3 + 6 + w**3 - 2. List the prime factors of q(j).
3
Let o(t) = -4*t**2 + 8*t**3 + 5*t**3 - 14*t**3 - 3*t. Let d be o(-7). List the prime factors of d/(-4)*1/(-3).
2, 7
Suppose -1 + 3 = 4*v + 5*k, 0 = v - 5*k - 13. Suppose -2*f - 498 = -5*j, v*j + f = -f + 302. List the prime factors of j.
2, 5
Suppose 17*b - 45 = 14*b. Suppose -36 = -3*y + b. Suppose x - y = 16. What are the prime factors of x?
3, 11
Let b = -130 + 170. List the prime factors of b.
2, 5
Let r = -34 + 25. Let t = r + 15. Suppose t*d - 27 = 213. List the prime factors of d.
2, 5
Let u = -1245 + 2992. List the prime factors of u.
1747
Let d(c) = 4*c. Let f be d(-3). Let k = f - 0. List the prime factors of k/4 - -4 - -53.
2, 3
Let z = 50 + -45. Suppose 73 - z = c. What are the prime factors of c?
2, 17
Let x(t) = 21*t - 9*t - 14*t + t**2 + 2. What are the prime factors of x(2)?
2
Suppose -15*w + 9*w = -4866. What are the prime factors of w?
811
Suppose -4*v = 4*v - 40. What are the prime factors of (v/(-2) + 3)*8*9?
2, 3
Let f(a) = a**2 - 14*a + 452. What are the prime factors of f(0)?
2, 113
Let u(w) = -w**3 - w**2 - w. Let z be u(0). What are the prime factors of 3 + 1 + 83 + z/2?
3, 29
Let d be 282/10 + (-4)/20. Let q be -1*(-3)/(6/4). Suppose -q*l - 6 = -d. What are the prime factors of l?
11
Let j = 1289 - 887. Suppose g - 88 = -4*a, -11*g + 8*g + 228 = 3*a. Suppose 5*c - j = -g. List the prime factors of c.
2, 3, 11
Let u = 897 - 33. What are the prime factors of u?
2, 3
Let z = 31 + -26. Suppose 6*n + 140 = 2*h + 8*n, 336 = z*h - 2*n. Suppose -3*k + h = -61. List the prime factors of k.
43
Suppose -22*r + 928 = -20*r + 5*w, -4*w = -16. What are the prime factors of r?
2, 227
Let g be (1 - -2)/((-3)/4). Let i be -5 - g - (-1 + 3). Let s = i + 17. List the prime factors of s.
2, 7
Let c(r) = -r + 6. Let o be c(5). Suppose -q = o, -3*q - q - 540 = -4*w. List the prime factors of w.
2, 67
Suppose 3*d = 5*d + 3*j + 5, 12 = 3*d - 2*j. Suppose 14 = 4*l + 2. Suppose -2*a = 4*s - 48, -105 = -l*a + 7*s - d*s. List the prime factors of a.
2, 3, 5
Let p = -335 - -627. Suppose -206 = -3*i + p. Suppose 34 - i = -4*a. List the prime factors of a.
3, 11
Let b be (-153)/3*(-1)/3. Suppose -4*z + 16 = -3*z. Let j = z + b. List the prime factors of j.
3, 11
Suppose 3*l - 5*l + 4 = 0. Suppose -l*h + 4*b - 15 + 5 = 0, 8 = -h + 3*b. What are the prime factors of h - 4 - (-6 + -12)?
3, 5
Suppose 236*q - 285*q + 229271 = 0. List the prime factors of q.
4679
Let z(h) = 9 + h + 92 + 0 + 0*h + 3*h**3. List the prime factors of z(0).
101
Let k(a) = -7*a**2 + 6*a - 31. Let z(d) = 8*d**2 - 7*d + 30. Let v(p) = 6*k(p) + 5*z(p). Let m be v(0). List the prime factors of (-5)/(15/m) + 4.
2
Let x(j) = j**3 - 30*j**2 + 26*j - 58. List the prime factors of x(30).
2, 19
Let w(s) = -2*s + 23. Let o be w(15). Let g(u) = -2*u**2 - 3 + 3*u**2 + 8*u + 12. List the prime factors of g(o).
2
Suppose -4*f + 112 = 2*r, -r - f + 64 = 3*f. Let y be 3/(44/r + -1). List the prime factors of (y/30)/((-2)/30).
2, 3
Let d = 1658 + 348. What are the prime factors of d?
2, 17, 59
Let k be (-207)/(-2 + (-20)/(-16)). Suppose -2*o = -6*o + k. What are the prime factors of o/9 + 2/(-3)?
7
Let r(x) = x**3 - 7*x**2 + x - 8. Let k be r(7). Let z(h) = 5*h**2 - h - 2. Let n be z(k). What are the prime factors of n + -1 + (16 - -4)?
23
Let x = -547 - -641. What are the prime factors of x?
2, 47
Suppose -3*z = -o - 4770, 13*z - 18*z + o = -7950. List the prime factors of z.
2, 3, 5, 53
Let t = -11 - -26. Let c(l) = l**3 - 14*l**2 - 10*l. List the prime factors of c(t).
3, 5
Let r be 4/2 + (-2 - (8 + -7)). Let l(n) = -108*n**3 - n**2 - 3*n - 2. List the prime factors of l(r).
2, 3
Let q(y) = 3*y**2 - 5*y - 26. Let f(d) = d**3 + 4*d - 7. Let j be f(2). List the prime factors of q(j).
2, 43
What are the prime factors of (1 - 4)/(36710/7345 + -5)?
13, 113
Let z(i) = i**2 - 9*i + 11. Let m be z(8). Suppose -6 + 0 = -m*g. Suppose x + 2*x + 26 = k, g*k = 5*x + 53. What are the prime factors of k?
29
Let i be -2*(-1)/2*11. Let r = -10 + i. Let h(c) = 7*c. List the prime factors of h(r).
7
Suppose 12*y = 2*y + 3530. List the prime factors of y.
353
Let n be 8 - ((2 - 6) + 6). Suppose -1 + 7 = n*m. Let l = 10 + m. List the prime factors of l.
11
Let c(w) = -5*w + 7. Let j(g) = -g. Let a(h) = -2*c(h) + 4*j(h). Let r be a(7). Suppose 14 = b + b + 3*d, -4*b - 5*d = -r. List the prime factors of b.
7
Let b be 31/(-3 - (-3 - 1)). Suppose 2*n + 26 = 4*h, 5*n - 5*h + 46 = -34. Let q = n + b. List the prime factors of q.
2, 3
Let d(z) = z**3 + 37*z**2 + 85*z + 89. What are the prime factors of d(-33)?
2, 5, 41
What are the prime factors of ((-108)/(-144))/((-12)/(-7136))?
2, 223
Suppose r - 715 = 1711. What are the prime factors of r?
2, 1213
Let i(g) = -g + 1. Let d(s) = -10*s + 9. Let n(r) = -d(r) - 4*i(r). Let k be n(5). Suppose 8 - 89 = -o + 5*u, -u = o - k. List the prime factors of o.
61
Suppose 2*z + 12 = 3*o, 7 = 2*o - 0*z - z. Suppose -o = -0*w - w. What are the prime factors of -3*10*(-1)/w?
3, 5
Suppose -216 = -w - 2*r, -r + 109 = w - 102. List the prime factors of w.
2, 103
Let w = 17 - 14. Let f be 65 + w/((-6)/4). Let j = -30 + f. List the prime factors of j.
3, 11
Suppose -4*a = -2*a. Suppose 9*p - 4*p - 4*m - 27 = a, 0 = -4*m - 12. Suppose v + 56 = 4*h, 6*h - p*h - 4*v - 55 = 0. List the prime factors of h.
13
Suppose 4*s - 5*a - 9782 = 0, 16*s + 7319 = 19*s + 5*a. What are the prime factors of s?
7, 349
Let z = 27 + -25. Suppose -h + 5*o + 39 = 2*h, -45 = -z*h - 3*o. What are the prime factors of h?
2, 3
Let y(n) be the second derivative of n**5/20 - n**4/4 + n**3/6 + n**2/2 - 3*n. Let i be y(2). What are the prime factors of 48*(i/3)/(-1)?
2
Let k(y) be the first derivative of 14*y**2 - 5*y - 14. List the prime factors of k(4).
107
Suppose 1215 = 3*k + 5*b, -4*k + 2*b - b + 1620 = 0. What are the prime factors of k?
3, 5
Suppose 2*y + 5*a - 1237 - 1841 = 0, 2*a - 4617 = -3*y. List the prime factors of y.
3, 19
Suppose -2*r = -0*r - 10. Suppose 3*o + 10*h - 9*h - 198 = 0, -310 = -5*o + r*h. What are the prime factors of o?
5, 13
Suppose 0 = -2*r + 2*u - 4*u + 4328, 2*u - 8666 = -4*r. What are the prime factors of r?
3, 241
Suppose 41*j - 43*j - 4*a = -3448, -4*a = 3*j - 5182. What are the prime factors of j?
2, 3, 17
Suppose 0 = i - 3*v - 19, 3*i - 3*v - 14 = 25. Suppose -i = -0*h + h. Let j = 4 - h. List the prime factors of j.
2, 7
Let f(w) = 2*w - 9. Let u be f(7). Suppose -3*m = 3, 0*m + u*m = v - 8. What are the prime factors of v/((-36)/(-51))*4?
17
Let k = -68 - -74. List the prime factors of k/8 - 441/(-4).
3, 37
Suppose -6*t + 10*t - 40 = 0. What are the prime factors of 10/t - -1*24?
5
Suppose -4*m - 2*g = 18, 0*m + 3*g = -3*m - 21. What are the prime factors of (-3 - -1)*(m + -17)?
2, 19
Suppose c = 4*z - 122, -5*z + 4*c - 3*c + 152 = 0. Suppose 2 = -2*r + z. What are the prime factors of 12/(-42) - (-340)/r?
2, 3
Let l(c) = -2*c + 0*c**2 - 2*c + c**2 - 3 + 0*c**2. Let n be l(5). Suppose 276 = 4*u + 2*b, n*b - 187 = -5*u + 160. List the prime factors of u.
71
Let q = 387 + -61. What are the prime factors of q?
2, 163
Let l(b) = -9*b**2 - 10 + 4*b**3 - 5*b - 2*b**3 + 4*b - 3*b**3. Let v be l(-9). What are the prime factors of 12/3*v/(-2)?
2
Suppose 3*y - 9 = 3. Let f = 56 - 52. Suppose 72 = y*x - f. List the prime factors of x.
19
Let g(x) = 7*x + 30. Let j(f) = 13*f + 61. Let k(a) = -5*g(a) + 2*j(a). What are the prime factors of k(-12)?
2, 5
Let t = 5 + -5. Suppose -4*k = -t*k - 12. Suppose 0 = k*u - 0*u - 69. List the prime factors of u.
23
Suppose 2*a - 83 = -l, l - 26 = 4*a + 27. Let f = l - 4. List the prime factors of f.
3, 23
Let v(z) = z**2 - 14. Let g be v(-4). Suppose -g*o + 100 + 69 = -p, 2*p = -4*o + 326. What are the prime factors of o?
83
Suppose -3*r + 18 = -1800. Let c = -333 + r. What are the prime factors of c?
3, 7, 13
Suppose -o + 1324 = a + 253, 0 = -4*a + 2*o + 4308. List the prime factors of a.
5, 43
Let b = 932 + -278. Suppose 3*x - 7*x = 4*a - 664, 0 = 4*x - a - b. What are the prime factors of x?
2, 41
Let c be 2 + (-94)/(-